its digit of 51286?
6
What is the hundred thousands digit of 8197288?
1
What is the hundred thousands digit of 2624348?
6
What is the hundred thousands digit of 361115?
3
What is the hundred thousands digit of 2936732?
9
What is the hundreds digit of 263258?
2
What is the tens digit of 1664241?
4
What is the tens digit of 128417?
1
What is the ten thousands digit of 803853?
0
What is the ten thousands digit of 20447595?
4
What is the hundred thousands digit of 880004?
8
What is the ten millions digit of 10459213?
1
What is the hundred thousands digit of 258866?
2
What is the ten thousands digit of 10531069?
3
What is the hundred thousands digit of 6981479?
9
What is the hundred thousands digit of 602520?
6
What is the millions digit of 1884054?
1
What is the tens digit of 281909?
0
What is the hundreds digit of 1564253?
2
What is the hundreds digit of 578791?
7
What is the hundred thousands digit of 1048947?
0
What is the hundreds digit of 6554696?
6
What is the tens digit of 817913?
1
What is the hundreds digit of 6948666?
6
What is the ten thousands digit of 2387645?
8
What is the thousands digit of 309088?
9
What is the millions digit of 14932890?
4
What is the hundreds digit of 637996?
9
What is the ten thousands digit of 23761460?
6
What is the ten thousands digit of 303162?
0
What is the thousands digit of 26168800?
8
What is the units digit of 482056?
6
What is the tens digit of 460814?
1
What is the hundred thousands digit of 8721748?
7
What is the thousands digit of 9875977?
5
What is the units digit of 236723?
3
What is the thousands digit of 22030155?
0
What is the ten thousands digit of 3308808?
0
What is the millions digit of 1001148?
1
What is the tens digit of 790312?
1
What is the hundreds digit of 837532?
5
What is the tens digit of 3068585?
8
What is the thousands digit of 1004425?
4
What is the ten thousands digit of 132430?
3
What is the hundreds digit of 57863?
8
What is the hundred thousands digit of 460887?
4
What is the hundred thousands digit of 241653?
2
What is the thousands digit of 511116?
1
What is the millions digit of 6306687?
6
What is the thousands digit of 456377?
6
What is the units digit of 4330624?
4
What is the thousands digit of 1235025?
5
What is the thousands digit of 474664?
4
What is the hundreds digit of 272413?
4
What is the hundred thousands digit of 1041362?
0
What is the units digit of 15814713?
3
What is the tens digit of 1161003?
0
What is the units digit of 5421838?
8
What is the thousands digit of 121510?
1
What is the millions digit of 28589096?
8
What is the units digit of 139714?
4
What is the tens digit of 56314?
1
What is the millions digit of 5279195?
5
What is the hundreds digit of 35218901?
9
What is the hundreds digit of 418888?
8
What is the units digit of 37296991?
1
What is the ten thousands digit of 928258?
2
What is the units digit of 880326?
6
What is the hundreds digit of 71521?
5
What is the hundred thousands digit of 7228481?
2
What is the hundreds digit of 1689479?
4
What is the ten thousands digit of 6458808?
5
What is the thousands digit of 7218335?
8
What is the units digit of 5202208?
8
What is the millions digit of 1180411?
1
What is the units digit of 528758?
8
What is the tens digit of 500568?
6
What is the ten thousands digit of 461609?
6
What is the hundreds digit of 50682?
6
What is the tens digit of 1616346?
4
What is the hundred thousands digit of 1250115?
2
What is the thousands digit of 1888937?
8
What is the tens digit of 159801?
0
What is the thousands digit of 2299115?
9
What is the hundreds digit of 2751799?
7
What is the ten thousands digit of 2960859?
6
What is the hundred thousands digit of 179381?
1
What is the hundreds digit of 2570020?
0
What is the ten thousands digit of 1575511?
7
What is the hundreds digit of 93779?
7
What is the tens digit of 22958071?
7
What is the hundred thousands digit of 7631186?
6
What is the hundred thousands digit of 178866?
1
What is the hundreds digit of 1682993?
9
What is the ten thousands digit of 61465?
6
What is the ten thousands digit of 1032204?
3
What is the thousands digit of 4036109?
6
What is the ten thousands digit of 193739?
9
What is the units digit of 21345471?
1
What is the ten thousands digit of 68682?
6
What is the thousands digit of 694004?
4
What is the units digit of 12120474?
4
What is the thousands digit of 237228?
7
What is the tens digit of 22045630?
3
What is the units digit of 498895?
5
What is the tens digit of 1806298?
9
What is the hundreds digit of 1107933?
9
What is the hundred thousands digit of 281085?
2
What is the hundreds digit of 480879?
8
What is the hundreds digit of 14702536?
5
What is the hundreds digit of 279191?
1
What is the millions digit of 3345456?
3
What is the tens digit of 731815?
1
What is the tens digit of 505589?
8
What is the thousands digit of 354128?
4
What is the thousands digit of 502746?
2
What is the ten millions digit of 10481370?
1
What is the units digit of 589938?
8
What is the ten thousands digit of 1389892?
8
What is the units digit of 1277390?
0
What is the hundreds digit of 1547665?
6
What is the ten thousands digit of 2004268?
0
What is the hundreds digit of 351163?
1
What is the ten thousands digit of 205314?
0
What is the units digit of 379851?
1
What is the thousands digit of 35648?
5
What is the millions digit of 3473988?
3
What is the thousands digit of 21285?
1
What is the ten thousands digit of 10955303?
5
What is the ten thousands digit of 2731672?
3
What is the tens digit of 553206?
0
What is the thousands digit of 497538?
7
What is the thousands digit of 1280414?
0
What is the tens digit of 225348?
4
What is the ten thousands digit of 13097609?
9
What is the ten thousands digit of 3309053?
0
What is the tens digit of 21102552?
5
What is the thousands digit of 13216033?
6
What is the hundreds digit of 1177529?
5
What is the hundred thousands digit of 268663?
2
What is the millions digit of 13432838?
3
What is the hundreds digit of 13733099?
0
What is the hundreds digit of 231977?
9
What is the units digit of 3887899?
9
What is the ten thousands digit of 14188463?
8
What is the units digit of 2686669?
9
What is the units digit of 833907?
7
What is the units digit of 18847?
7
What is the ten thousands digit of 435633?
3
What is the hundreds digit of 137938?
9
What is the units digit of 277366?
6
What is the hundreds digit of 31231?
2
What is the hundreds digit of 417760?
7
What is the units digit of 22176?
6
What is the ten thousands digit of 11557852?
5
What is the units digit of 1364035?
5
What is the hundred thousands digit of 13197122?
1
What is the hundred thousands digit of 27399008?
3
What is the ten thousands digit of 165879?
6
What is the hundred thousands digit of 3061831?
0
What is the units digit of 16263?
3
What is the thousands digit of 316924?
6
What is the thousands digit of 15573499?
3
What is the thousands digit of 271456?
1
What is the ten thousands digit of 265464?
6
What is the millions digit of 27843474?
7
What is the tens digit of 203682?
8
What is the tens digit of 372395?
9
What is the units digit of 81731?
1
What is the hundred thousands digit of 2411945?
4
What is the tens digit of 135639?
3
What is the hundred thousands digit of 13679356?
6
What is the thousands digit of 846231?
6
What is the millions digit of 1315764?
1
What is the tens digit of 295375?
7
What is the hundreds digit of 2050460?
4
What is the units digit of 151512?
2
What is the thousands digit of 4757942?
7
What is the thousands digit of 3849998?
9
What is the thousands digit of 201320?
1
What is the hundreds digit of 224333?
3
What is the ten thousands digit of 2252216?
5
What is the hundred thousands digit of 242573?
2
What is the thousands digit of 12413384?
3
What is the tens digit of 3877372?
7
What is the hundred thousands digit of 314603?
3
What is the hundred thousands digit of 4307589?
3
What is the ten thousands digit of 532640?
3
What is the ten thousands digit of 3691983?
9
What is the tens digit of 185655?
5
What is the hundred thousands digit of 4610746?
6
What is the thousands digit of 5625811?
5
What is the units digit of 7745897?
7
What is the hundred thousands digit of 7020304?
0
What is the tens digit of 72374?
7
What is the u